{"id":17,"date":"2016-03-10T13:35:37","date_gmt":"2016-03-10T11:35:37","guid":{"rendered":"http:\/\/kliniketikkurul.erzincan.edu.tr\/?page_id=17"},"modified":"2024-12-27T11:06:54","modified_gmt":"2024-12-27T08:06:54","slug":"sik-sorulan-sorular","status":"publish","type":"page","link":"https:\/\/kliniketikkurul.ebyu.edu.tr\/?page_id=17","title":{"rendered":"S\u0131k Sorulan Sorular"},"content":{"rendered":"<p><a href=\"https:\/\/www.titck.gov.tr\/Dosyalar\/Ilac\/KlinikArastirmalar\/KlinikArastirmalarSSS.pdf\" rel=\"\">Klinik Ara\u015ft\u0131rmalar Etik Kuruluna S\u0131k Sorulan Sorular<\/a><\/p>\n<p>&nbsp;<\/p>\n","protected":false},"excerpt":{"rendered":"<p>Klinik Ara\u015ft\u0131rmalar Etik Kuruluna S\u0131k Sorulan Sorular &nbsp;<\/p>\n","protected":false},"author":1,"featured_media":0,"parent":0,"menu_order":0,"comment_status":"closed","ping_status":"closed","template":"","meta":[],"_links":{"self":[{"href":"https:\/\/kliniketikkurul.ebyu.edu.tr\/index.php?rest_route=\/wp\/v2\/pages\/17"}],"collection":[{"href":"https:\/\/kliniketikkurul.ebyu.edu.tr\/index.php?rest_route=\/wp\/v2\/pages"}],"about":[{"href":"https:\/\/kliniketikkurul.ebyu.edu.tr\/index.php?rest_route=\/wp\/v2\/types\/page"}],"author":[{"embeddable":true,"href":"https:\/\/kliniketikkurul.ebyu.edu.tr\/index.php?rest_route=\/wp\/v2\/users\/1"}],"replies":[{"embeddable":true,"href":"https:\/\/kliniketikkurul.ebyu.edu.tr\/index.php?rest_route=%2Fwp%2Fv2%2Fcomments&post=17"}],"version-history":[{"count":3,"href":"https:\/\/kliniketikkurul.ebyu.edu.tr\/index.php?rest_route=\/wp\/v2\/pages\/17\/revisions"}],"predecessor-version":[{"id":644,"href":"https:\/\/kliniketikkurul.ebyu.edu.tr\/index.php?rest_route=\/wp\/v2\/pages\/17\/revisions\/644"}],"wp:attachment":[{"href":"https:\/\/kliniketikkurul.ebyu.edu.tr\/index.php?rest_route=%2Fwp%2Fv2%2Fmedia&parent=17"}],"curies":[{"name":"wp","href":"https:\/\/api.w.org\/{rel}","templated":true}]}}