{"id":7,"date":"2016-03-10T13:34:06","date_gmt":"2016-03-10T11:34:06","guid":{"rendered":"http:\/\/kliniketikkurul.erzincan.edu.tr\/?page_id=7"},"modified":"2023-06-14T11:03:28","modified_gmt":"2023-06-14T08:03:28","slug":"kurul-uyeleri","status":"publish","type":"page","link":"https:\/\/kliniketikkurul.ebyu.edu.tr\/?page_id=7","title":{"rendered":"Kurul \u00dcyeleri"},"content":{"rendered":"<p><strong>ERZ\u0130NCAN B\u0130NAL\u0130 YILDIRIM \u00dcN\u0130VERS\u0130TES\u0130 KL\u0130N\u0130K ARA\u015eTIRMALAR ET\u0130K KURULU \u00dcYELER\u0130<\/strong><\/p>\n<table width=\"869\">\n<tbody>\n<tr>\n<td width=\"47\"><\/td>\n<td width=\"131\"><strong>UNVANI<\/strong><\/td>\n<td width=\"210\"><strong>ADI SOYADI<\/strong><\/td>\n<td width=\"180\"><strong>UZMANLIK ALANI<\/strong><\/td>\n<td width=\"189\"><strong>KURUMU<\/strong><\/td>\n<td width=\"113\"><strong>\u0130L\u0130 <\/strong><\/td>\n<\/tr>\n<tr>\n<td width=\"47\">\u00a0\u00a0\u00a0\u00a0\u00a0\u00a0 1.<\/td>\n<td width=\"131\">Do\u00e7. Dr.<\/td>\n<td width=\"210\">Ertu\u011frul ERHAN (Ba\u015fkan)<\/td>\n<td width=\"180\">Kulak Burun Bo\u011faz<\/td>\n<td width=\"189\">Erzincan Binali Y\u0131ld\u0131r\u0131m \u00dcniversitesi T\u0131p Fak\u00fcltesi<\/td>\n<td width=\"113\">Erzincan<\/td>\n<\/tr>\n<tr>\n<td width=\"47\">\u00a0\u00a0\u00a0\u00a0\u00a0\u00a0 2.<\/td>\n<td width=\"131\">Dr. \u00d6\u011fr. \u00dcyesi<\/td>\n<td width=\"210\">Baht\u0131nur YETER (Ba\u015fkan Yard\u0131mc\u0131s\u0131)<\/td>\n<td width=\"180\">\u00c7ocuk Sa\u011fl\u0131\u011f\u0131 ve Hastal\u0131klar\u0131<\/td>\n<td width=\"189\">Erzincan Binali Y\u0131ld\u0131r\u0131m \u00dcniversitesi T\u0131p Fak\u00fcltesi<\/td>\n<td width=\"113\">Erzincan<\/td>\n<\/tr>\n<tr>\n<td width=\"47\">\u00a0\u00a0\u00a0\u00a0\u00a0\u00a0 3.<\/td>\n<td width=\"131\">Dr. \u00d6\u011fr. \u00dcyesi<\/td>\n<td width=\"210\">Sara SALCAN<\/td>\n<td width=\"180\">Halk Sa\u011fl\u0131\u011f\u0131<\/td>\n<td width=\"189\">Erzincan Binali Y\u0131ld\u0131r\u0131m \u00dcniversitesi T\u0131p Fak\u00fcltesi<\/td>\n<td width=\"113\">Erzincan<\/td>\n<\/tr>\n<tr>\n<td width=\"47\">\u00a0\u00a0\u00a0\u00a0\u00a0\u00a0 4.<\/td>\n<td width=\"131\">Do\u00e7. Dr.<\/td>\n<td width=\"210\">Didem ONK<\/td>\n<td width=\"180\">Anesteziyoloji ve Reanimasyon<\/td>\n<td width=\"189\">Erzincan Binali Y\u0131ld\u0131r\u0131m \u00dcniversitesi T\u0131p Fak\u00fcltesi<\/td>\n<td width=\"113\">Erzincan<\/td>\n<\/tr>\n<tr>\n<td width=\"47\">\u00a0\u00a0\u00a0\u00a0\u00a0\u00a0 5.<\/td>\n<td width=\"131\">Do\u00e7. Dr.<\/td>\n<td width=\"210\">Renad MAMMADOV<\/td>\n<td width=\"180\">T\u0131bbi Farmakoloji<\/td>\n<td width=\"189\">Erzincan Binali Y\u0131ld\u0131r\u0131m \u00dcniversitesi T\u0131p Fak\u00fcltesi<\/td>\n<td width=\"113\">Erzincan<\/td>\n<\/tr>\n<tr>\n<td width=\"47\">\u00a0\u00a0\u00a0\u00a0\u00a0\u00a0 6.<\/td>\n<td width=\"131\">Do\u00e7. Dr.<\/td>\n<td width=\"210\">Sonay AYDIN<\/td>\n<td width=\"180\">Radyoloji<\/td>\n<td width=\"189\">Erzincan Binali Y\u0131ld\u0131r\u0131m \u00dcniversitesi T\u0131p Fak\u00fcltesi<\/td>\n<td width=\"113\">Erzincan<\/td>\n<\/tr>\n<tr>\n<td width=\"47\">\u00a0\u00a0\u00a0\u00a0\u00a0\u00a0 7.<\/td>\n<td width=\"131\">Dr. \u00d6\u011fr. \u00dcyesi<\/td>\n<td width=\"210\">Bet\u00fcl KALKAN YILMAZ<\/td>\n<td width=\"180\">Kad\u0131n Hastal\u0131klar\u0131 ve Do\u011fum<\/td>\n<td width=\"189\">Erzincan Binali Y\u0131ld\u0131r\u0131m \u00dcniversitesi T\u0131p Fak\u00fcltesi<\/td>\n<td width=\"113\">Erzincan<\/td>\n<\/tr>\n<tr>\n<td width=\"47\">\u00a0\u00a0\u00a0\u00a0\u00a0\u00a0 8.<\/td>\n<td width=\"131\">Dr. \u00d6\u011fr. \u00dcyesi<\/td>\n<td width=\"210\">Abdussamed Yasin DEM\u0130R<\/td>\n<td width=\"180\">Nanobiyoteknoloji<\/td>\n<td width=\"189\">Erzincan Binali Y\u0131ld\u0131r\u0131m \u00dcniversitesi T\u0131p Fak\u00fcltesi<\/td>\n<td width=\"113\">Erzincan<\/td>\n<\/tr>\n<tr>\n<td width=\"47\">\u00a0\u00a0\u00a0\u00a0\u00a0\u00a0 9.<\/td>\n<td width=\"131\">Dr. \u00d6\u011fr. \u00dcyesi<\/td>\n<td width=\"210\">Ferdane DANI\u015eMAN KALINDEM\u0130RTA\u015e<\/td>\n<td width=\"180\">Fizyoloji<\/td>\n<td width=\"189\">Erzincan Binali Y\u0131ld\u0131r\u0131m \u00dcniversitesi T\u0131p Fak\u00fcltesi<\/td>\n<td width=\"113\">Erzincan<\/td>\n<\/tr>\n<tr>\n<td width=\"47\">\u00a0\u00a0 10.<\/td>\n<td width=\"131\">Dr. \u00d6\u011fr. \u00dcyesi<\/td>\n<td width=\"210\">Serhat HAYME<\/td>\n<td width=\"180\">Biyoistatistik<\/td>\n<td width=\"189\">Erzincan Binali Y\u0131ld\u0131r\u0131m \u00dcniversitesi T\u0131p Fak\u00fcltesi<\/td>\n<td width=\"113\">Erzincan<\/td>\n<\/tr>\n<tr>\n<td width=\"47\">\u00a0\u00a0 11.<\/td>\n<td width=\"131\">Avukat<\/td>\n<td width=\"210\">Yasemin TOSYALI<\/td>\n<td width=\"180\">Hukuk<\/td>\n<td width=\"189\">Serbest Avukat<\/td>\n<td width=\"113\">Erzincan<\/td>\n<\/tr>\n<tr>\n<td width=\"47\">\u00a0\u00a0 12.<\/td>\n<td width=\"131\">M\u00fchendis<\/td>\n<td width=\"210\">Utku KUYRUKLUYILDIZ<\/td>\n<td width=\"180\">Orman End\u00fcstri M\u00fchendisli\u011fi<\/td>\n<td width=\"189\">Erzincan Belediyesi<\/td>\n<td width=\"113\">Erzincan<\/td>\n<\/tr>\n<tr>\n<td width=\"47\">\u00a0\u00a0 13.<\/td>\n<td width=\"131\">Eczac\u0131<\/td>\n<td width=\"210\">Tu\u011fba KAYA<\/td>\n<td width=\"180\">Eczac\u0131l\u0131k<\/td>\n<td width=\"189\">Erzincan \u0130l Sa\u011fl\u0131k M\u00fcd\u00fcrl\u00fc\u011f\u00fc<\/td>\n<td width=\"113\">Erzincan<\/td>\n<\/tr>\n<tr>\n<td width=\"47\">\u00a0\u00a0 14.<\/td>\n<td width=\"131\">Uzm Dr.<\/td>\n<td width=\"210\">\u00d6zlem \u00c7EL\u0130K AYDIN<\/td>\n<td width=\"180\">T\u0131bbi Farmakoloji<\/td>\n<td width=\"189\">EBYU Meng\u00fccek Gazi E\u011fitim ve Ara\u015ft\u0131rma Hastanesi<\/td>\n<td width=\"113\">Erzincan<\/td>\n<\/tr>\n<tr>\n<td width=\"47\">\u00a0\u00a0 15.<\/td>\n<td width=\"131\">Bil. \u0130\u015fl.<\/td>\n<td width=\"210\">R\u0131dvan \u00c7EL\u0130K<\/td>\n<td width=\"180\">\u0130\u015fletme<\/td>\n<td width=\"189\">Erzincan Binali Y\u0131ld\u0131r\u0131m \u00dcniversitesi T\u0131p Fak\u00fcltesi<\/td>\n<td width=\"113\">Erzincan<\/td>\n<\/tr>\n<\/tbody>\n<\/table>\n","protected":false},"excerpt":{"rendered":"<p>ERZ\u0130NCAN B\u0130NAL\u0130 YILDIRIM \u00dcN\u0130VERS\u0130TES\u0130 KL\u0130N\u0130K ARA\u015eTIRMALAR ET\u0130K KURULU \u00dcYELER\u0130 UNVANI ADI SOYADI UZMANLIK ALANI KURUMU \u0130L\u0130 \u00a0\u00a0\u00a0\u00a0\u00a0\u00a0 1. Do\u00e7. Dr. Ertu\u011frul ERHAN (Ba\u015fkan) Kulak Burun Bo\u011faz Erzincan Binali Y\u0131ld\u0131r\u0131m \u00dcniversitesi T\u0131p Fak\u00fcltesi Erzincan \u00a0\u00a0\u00a0\u00a0\u00a0\u00a0 2. Dr. \u00d6\u011fr. \u00dcyesi Baht\u0131nur YETER (Ba\u015fkan Yard\u0131mc\u0131s\u0131) \u00c7ocuk Sa\u011fl\u0131\u011f\u0131 ve Hastal\u0131klar\u0131 Erzincan Binali Y\u0131ld\u0131r\u0131m \u00dcniversitesi T\u0131p Fak\u00fcltesi Erzincan \u00a0\u00a0\u00a0\u00a0\u00a0\u00a0 3. [&hellip;]<\/p>\n","protected":false},"author":1,"featured_media":0,"parent":0,"menu_order":0,"comment_status":"closed","ping_status":"closed","template":"","meta":[],"_links":{"self":[{"href":"https:\/\/kliniketikkurul.ebyu.edu.tr\/index.php?rest_route=\/wp\/v2\/pages\/7"}],"collection":[{"href":"https:\/\/kliniketikkurul.ebyu.edu.tr\/index.php?rest_route=\/wp\/v2\/pages"}],"about":[{"href":"https:\/\/kliniketikkurul.ebyu.edu.tr\/index.php?rest_route=\/wp\/v2\/types\/page"}],"author":[{"embeddable":true,"href":"https:\/\/kliniketikkurul.ebyu.edu.tr\/index.php?rest_route=\/wp\/v2\/users\/1"}],"replies":[{"embeddable":true,"href":"https:\/\/kliniketikkurul.ebyu.edu.tr\/index.php?rest_route=%2Fwp%2Fv2%2Fcomments&post=7"}],"version-history":[{"count":15,"href":"https:\/\/kliniketikkurul.ebyu.edu.tr\/index.php?rest_route=\/wp\/v2\/pages\/7\/revisions"}],"predecessor-version":[{"id":633,"href":"https:\/\/kliniketikkurul.ebyu.edu.tr\/index.php?rest_route=\/wp\/v2\/pages\/7\/revisions\/633"}],"wp:attachment":[{"href":"https:\/\/kliniketikkurul.ebyu.edu.tr\/index.php?rest_route=%2Fwp%2Fv2%2Fmedia&parent=7"}],"curies":[{"name":"wp","href":"https:\/\/api.w.org\/{rel}","templated":true}]}}